{"id":242,"date":"2026-02-09T11:46:55","date_gmt":"2026-02-09T09:46:55","guid":{"rendered":"http:\/\/nicolekochheim.de\/?page_id=242"},"modified":"2026-02-11T14:38:53","modified_gmt":"2026-02-11T12:38:53","slug":"acryl","status":"publish","type":"page","link":"https:\/\/nicolekochheim.de\/?page_id=242","title":{"rendered":"ACRYL"},"content":{"rendered":"\n<h1 class=\"wp-block-heading has-text-align-center\">ACRYL<\/h1>\n\n\n\n<div class=\"wp-block-columns is-layout-flex wp-container-core-columns-is-layout-607112e6 wp-block-columns-is-layout-flex\" style=\"margin-top:var(--wp--preset--spacing--60);margin-bottom:var(--wp--preset--spacing--60);padding-top:0;padding-right:0;padding-bottom:0;padding-left:0\">\n<div class=\"wp-block-column is-layout-flow wp-block-column-is-layout-flow\">\n<figure class=\"wp-block-image aligncenter size-large\"><img loading=\"lazy\" decoding=\"async\" width=\"368\" height=\"528\" src=\"https:\/\/nicolekochheim.de\/wp-content\/uploads\/2026\/02\/IMG_7069-e1770638168758.jpg\" alt=\"\" class=\"wp-image-263\" srcset=\"https:\/\/nicolekochheim.de\/wp-content\/uploads\/2026\/02\/IMG_7069-e1770638168758.jpg 368w, https:\/\/nicolekochheim.de\/wp-content\/uploads\/2026\/02\/IMG_7069-e1770638168758-279x400.jpg 279w\" sizes=\"auto, (max-width: 368px) 100vw, 368px\" \/><\/figure>\n\n\n\n<p class=\"has-text-align-center\">Acryl auf Leinwand 50x70cm<\/p>\n<\/div>\n\n\n\n<div class=\"wp-block-column is-layout-flow wp-block-column-is-layout-flow\">\n<figure class=\"wp-block-image aligncenter size-large\"><img loading=\"lazy\" decoding=\"async\" width=\"293\" height=\"542\" src=\"https:\/\/nicolekochheim.de\/wp-content\/uploads\/2026\/02\/IMG_7050-e1770638239839.jpg\" alt=\"\" class=\"wp-image-262\" srcset=\"https:\/\/nicolekochheim.de\/wp-content\/uploads\/2026\/02\/IMG_7050-e1770638239839.jpg 293w, https:\/\/nicolekochheim.de\/wp-content\/uploads\/2026\/02\/IMG_7050-e1770638239839-216x400.jpg 216w\" sizes=\"auto, (max-width: 293px) 100vw, 293px\" \/><\/figure>\n\n\n\n<p class=\"has-text-align-center\">Acryl auf Leinwand  50x100cm<\/p>\n<\/div>\n\n\n\n<div class=\"wp-block-column is-layout-flow wp-block-column-is-layout-flow\">\n<figure class=\"wp-block-image aligncenter size-large\"><a href=\"https:\/\/nicolekochheim.de\/?page_id=242\"><img loading=\"lazy\" decoding=\"async\" width=\"398\" height=\"562\" src=\"https:\/\/nicolekochheim.de\/wp-content\/uploads\/2026\/02\/IMG_6618-e1770631711157.jpg\" alt=\"\" class=\"wp-image-260\" srcset=\"https:\/\/nicolekochheim.de\/wp-content\/uploads\/2026\/02\/IMG_6618-e1770631711157.jpg 398w, https:\/\/nicolekochheim.de\/wp-content\/uploads\/2026\/02\/IMG_6618-e1770631711157-283x400.jpg 283w\" sizes=\"auto, (max-width: 398px) 100vw, 398px\" \/><\/a><\/figure>\n\n\n\n<p class=\"has-text-align-center\">Acryl auf Leinwand 70x100cm<\/p>\n<\/div>\n<\/div>\n\n\n\n<div class=\"wp-block-columns is-layout-flex wp-container-core-columns-is-layout-607112e6 wp-block-columns-is-layout-flex\" style=\"margin-top:var(--wp--preset--spacing--60);margin-bottom:var(--wp--preset--spacing--60);padding-top:0;padding-right:0;padding-bottom:0;padding-left:0\">\n<div class=\"wp-block-column is-layout-flow wp-block-column-is-layout-flow\">\n<figure class=\"wp-block-image aligncenter size-large\"><img loading=\"lazy\" decoding=\"async\" width=\"397\" height=\"530\" src=\"https:\/\/nicolekochheim.de\/wp-content\/uploads\/2026\/02\/IMG_6619-e1770638296960.jpg\" alt=\"\" class=\"wp-image-261\" srcset=\"https:\/\/nicolekochheim.de\/wp-content\/uploads\/2026\/02\/IMG_6619-e1770638296960.jpg 397w, https:\/\/nicolekochheim.de\/wp-content\/uploads\/2026\/02\/IMG_6619-e1770638296960-300x400.jpg 300w\" sizes=\"auto, (max-width: 397px) 100vw, 397px\" \/><\/figure>\n\n\n\n<p class=\"has-text-align-center\">Acryl auf Leinwand  60x80cm<\/p>\n<\/div>\n\n\n\n<div class=\"wp-block-column is-layout-flow wp-block-column-is-layout-flow\">\n<figure class=\"wp-block-image aligncenter size-large\"><img loading=\"lazy\" decoding=\"async\" width=\"380\" height=\"553\" src=\"https:\/\/nicolekochheim.de\/wp-content\/uploads\/2026\/02\/IMG_6374-e1770638356363.jpg\" alt=\"\" class=\"wp-image-258\" srcset=\"https:\/\/nicolekochheim.de\/wp-content\/uploads\/2026\/02\/IMG_6374-e1770638356363.jpg 380w, https:\/\/nicolekochheim.de\/wp-content\/uploads\/2026\/02\/IMG_6374-e1770638356363-275x400.jpg 275w\" sizes=\"auto, (max-width: 380px) 100vw, 380px\" \/><\/figure>\n\n\n\n<p class=\"has-text-align-center\">Acryl auf Leinwand 70x100cm<\/p>\n<\/div>\n\n\n\n<div class=\"wp-block-column is-layout-flow wp-block-column-is-layout-flow\">\n<figure class=\"wp-block-image aligncenter size-large\"><img loading=\"lazy\" decoding=\"async\" width=\"445\" height=\"312\" src=\"https:\/\/nicolekochheim.de\/wp-content\/uploads\/2026\/02\/IMG_6582-e1770638409765.jpg\" alt=\"\" class=\"wp-image-259\" srcset=\"https:\/\/nicolekochheim.de\/wp-content\/uploads\/2026\/02\/IMG_6582-e1770638409765.jpg 445w, https:\/\/nicolekochheim.de\/wp-content\/uploads\/2026\/02\/IMG_6582-e1770638409765-400x280.jpg 400w\" sizes=\"auto, (max-width: 445px) 100vw, 445px\" \/><\/figure>\n\n\n\n<p class=\"has-text-align-center\">Acryl auf Leinwand 70x100cm<\/p>\n<\/div>\n<\/div>\n\n\n\n<div class=\"wp-block-columns is-layout-flex wp-container-core-columns-is-layout-607112e6 wp-block-columns-is-layout-flex\" style=\"margin-top:var(--wp--preset--spacing--60);margin-bottom:var(--wp--preset--spacing--60);padding-top:0;padding-right:0;padding-bottom:0;padding-left:0\">\n<div class=\"wp-block-column is-layout-flow wp-block-column-is-layout-flow\">\n<figure class=\"wp-block-image aligncenter size-large\"><img loading=\"lazy\" decoding=\"async\" width=\"544\" height=\"384\" src=\"https:\/\/nicolekochheim.de\/wp-content\/uploads\/2026\/02\/IMG_6350-e1770638520909.jpg\" alt=\"\" class=\"wp-image-257\" srcset=\"https:\/\/nicolekochheim.de\/wp-content\/uploads\/2026\/02\/IMG_6350-e1770638520909.jpg 544w, https:\/\/nicolekochheim.de\/wp-content\/uploads\/2026\/02\/IMG_6350-e1770638520909-400x282.jpg 400w\" sizes=\"auto, (max-width: 544px) 100vw, 544px\" \/><\/figure>\n\n\n\n<p class=\"has-text-align-center\">Acryl auf Leinwand jeweils 40x60cm<\/p>\n<\/div>\n\n\n\n<div class=\"wp-block-column is-layout-flow wp-block-column-is-layout-flow\">\n<figure class=\"wp-block-image aligncenter size-large\"><img loading=\"lazy\" decoding=\"async\" width=\"535\" height=\"551\" src=\"https:\/\/nicolekochheim.de\/wp-content\/uploads\/2026\/02\/IMG_6349-e1770638574846.jpg\" alt=\"\" class=\"wp-image-256\" srcset=\"https:\/\/nicolekochheim.de\/wp-content\/uploads\/2026\/02\/IMG_6349-e1770638574846.jpg 535w, https:\/\/nicolekochheim.de\/wp-content\/uploads\/2026\/02\/IMG_6349-e1770638574846-388x400.jpg 388w\" sizes=\"auto, (max-width: 535px) 100vw, 535px\" \/><\/figure>\n\n\n\n<p class=\"has-text-align-center\">Acryl auf Leinwand 80x80cm<\/p>\n<\/div>\n\n\n\n<div class=\"wp-block-column is-layout-flow wp-block-column-is-layout-flow\">\n<figure class=\"wp-block-image aligncenter size-large\"><img loading=\"lazy\" decoding=\"async\" width=\"525\" height=\"551\" src=\"https:\/\/nicolekochheim.de\/wp-content\/uploads\/2026\/02\/IMG_6348-e1770638630754.jpg\" alt=\"\" class=\"wp-image-255\" srcset=\"https:\/\/nicolekochheim.de\/wp-content\/uploads\/2026\/02\/IMG_6348-e1770638630754.jpg 525w, https:\/\/nicolekochheim.de\/wp-content\/uploads\/2026\/02\/IMG_6348-e1770638630754-381x400.jpg 381w\" sizes=\"auto, (max-width: 525px) 100vw, 525px\" \/><\/figure>\n\n\n\n<p class=\"has-text-align-center\">Acryl auf Leinwand 80x80cm<\/p>\n<\/div>\n<\/div>\n\n\n\n<div class=\"wp-block-columns is-layout-flex wp-container-core-columns-is-layout-607112e6 wp-block-columns-is-layout-flex\" style=\"margin-top:var(--wp--preset--spacing--60);margin-bottom:var(--wp--preset--spacing--60);padding-top:0;padding-right:0;padding-bottom:0;padding-left:0\">\n<div class=\"wp-block-column is-layout-flow wp-block-column-is-layout-flow\">\n<figure class=\"wp-block-image aligncenter size-large\"><img loading=\"lazy\" decoding=\"async\" width=\"375\" height=\"518\" src=\"https:\/\/nicolekochheim.de\/wp-content\/uploads\/2026\/02\/IMG_6343-e1770638669361.jpg\" alt=\"\" class=\"wp-image-253\" srcset=\"https:\/\/nicolekochheim.de\/wp-content\/uploads\/2026\/02\/IMG_6343-e1770638669361.jpg 375w, https:\/\/nicolekochheim.de\/wp-content\/uploads\/2026\/02\/IMG_6343-e1770638669361-290x400.jpg 290w\" sizes=\"auto, (max-width: 375px) 100vw, 375px\" \/><\/figure>\n\n\n\n<p class=\"has-text-align-center\">Acryl auf Leinwand 60x80cm<\/p>\n<\/div>\n\n\n\n<div class=\"wp-block-column is-layout-flow wp-block-column-is-layout-flow\">\n<figure class=\"wp-block-image aligncenter size-large\"><img loading=\"lazy\" decoding=\"async\" width=\"466\" height=\"683\" src=\"https:\/\/nicolekochheim.de\/wp-content\/uploads\/2026\/02\/IMG_6344-e1770638707420.jpg\" alt=\"\" class=\"wp-image-254\" srcset=\"https:\/\/nicolekochheim.de\/wp-content\/uploads\/2026\/02\/IMG_6344-e1770638707420.jpg 466w, https:\/\/nicolekochheim.de\/wp-content\/uploads\/2026\/02\/IMG_6344-e1770638707420-273x400.jpg 273w\" sizes=\"auto, (max-width: 466px) 100vw, 466px\" \/><\/figure>\n\n\n\n<p class=\"has-text-align-center\">Acryl auf Leinwand 50x70cm<\/p>\n<\/div>\n\n\n\n<div class=\"wp-block-column is-layout-flow wp-block-column-is-layout-flow\">\n<figure class=\"wp-block-image aligncenter size-large\"><img loading=\"lazy\" decoding=\"async\" width=\"548\" height=\"397\" src=\"https:\/\/nicolekochheim.de\/wp-content\/uploads\/2026\/02\/IMG_6341-e1770638746531.jpg\" alt=\"\" class=\"wp-image-252\" srcset=\"https:\/\/nicolekochheim.de\/wp-content\/uploads\/2026\/02\/IMG_6341-e1770638746531.jpg 548w, https:\/\/nicolekochheim.de\/wp-content\/uploads\/2026\/02\/IMG_6341-e1770638746531-400x290.jpg 400w\" sizes=\"auto, (max-width: 548px) 100vw, 548px\" \/><\/figure>\n\n\n\n<p class=\"has-text-align-center\">Acryl auf Leinwand 70x100cm<\/p>\n<\/div>\n<\/div>\n\n\n\n<div class=\"wp-block-buttons is-content-justification-center is-layout-flex wp-container-core-buttons-is-layout-48d0e691 wp-block-buttons-is-layout-flex\" style=\"margin-top:var(--wp--preset--spacing--60);margin-bottom:var(--wp--preset--spacing--60)\">\n<div class=\"wp-block-button\"><a class=\"wp-block-button__link wp-element-button\" href=\"https:\/\/nicolekochheim.de\/?page_id=35\">KONTAKT<\/a><\/div>\n<\/div>\n","protected":false},"excerpt":{"rendered":"<p>ACRYL Acryl auf Leinwand 50x70cm Acryl auf Leinwand 50x100cm Acryl auf Leinwand 70x100cm Acryl auf Leinwand 60x80cm Acryl auf Leinwand [&hellip;]<\/p>\n","protected":false},"author":1,"featured_media":0,"parent":0,"menu_order":0,"comment_status":"closed","ping_status":"closed","template":"","meta":{"site-sidebar-layout":"default","site-content-layout":"","ast-site-content-layout":"default","site-content-style":"default","site-sidebar-style":"default","ast-global-header-display":"","ast-banner-title-visibility":"","ast-main-header-display":"","ast-hfb-above-header-display":"","ast-hfb-below-header-display":"","ast-hfb-mobile-header-display":"","site-post-title":"disabled","ast-breadcrumbs-content":"","ast-featured-img":"","footer-sml-layout":"","ast-disable-related-posts":"","theme-transparent-header-meta":"","adv-header-id-meta":"","stick-header-meta":"","header-above-stick-meta":"","header-main-stick-meta":"","header-below-stick-meta":"","astra-migrate-meta-layouts":"default","ast-page-background-enabled":"default","ast-page-background-meta":{"desktop":{"background-color":"var(--ast-global-color-5)","background-image":"","background-repeat":"repeat","background-position":"center center","background-size":"auto","background-attachment":"scroll","background-type":"","background-media":"","overlay-type":"","overlay-color":"","overlay-opacity":"","overlay-gradient":""},"tablet":{"background-color":"","background-image":"","background-repeat":"repeat","background-position":"center center","background-size":"auto","background-attachment":"scroll","background-type":"","background-media":"","overlay-type":"","overlay-color":"","overlay-opacity":"","overlay-gradient":""},"mobile":{"background-color":"","background-image":"","background-repeat":"repeat","background-position":"center center","background-size":"auto","background-attachment":"scroll","background-type":"","background-media":"","overlay-type":"","overlay-color":"","overlay-opacity":"","overlay-gradient":""}},"ast-content-background-meta":{"desktop":{"background-color":"var(--ast-global-color-4)","background-image":"","background-repeat":"repeat","background-position":"center center","background-size":"auto","background-attachment":"scroll","background-type":"","background-media":"","overlay-type":"","overlay-color":"","overlay-opacity":"","overlay-gradient":""},"tablet":{"background-color":"var(--ast-global-color-4)","background-image":"","background-repeat":"repeat","background-position":"center center","background-size":"auto","background-attachment":"scroll","background-type":"","background-media":"","overlay-type":"","overlay-color":"","overlay-opacity":"","overlay-gradient":""},"mobile":{"background-color":"var(--ast-global-color-4)","background-image":"","background-repeat":"repeat","background-position":"center center","background-size":"auto","background-attachment":"scroll","background-type":"","background-media":"","overlay-type":"","overlay-color":"","overlay-opacity":"","overlay-gradient":""}},"footnotes":""},"class_list":["post-242","page","type-page","status-publish","hentry"],"yoast_head":"<!-- This site is optimized with the Yoast SEO plugin v26.9 - https:\/\/yoast.com\/product\/yoast-seo-wordpress\/ -->\n<title>ACRYL - nicolekochheim.de<\/title>\n<meta name=\"description\" content=\"Mit Acryl entstehen meist gr\u00f6\u00dfere, abstrakte Bilder. Ich arbeite dabei sowohl mit festen als auch mit flie\u00dfenden Farben. Die Bilder entwickeln sich w\u00e4hrend des Malens.\" \/>\n<meta name=\"robots\" content=\"index, follow, max-snippet:-1, max-image-preview:large, max-video-preview:-1\" \/>\n<link rel=\"canonical\" href=\"https:\/\/nicolekochheim.de\/?page_id=242\" \/>\n<meta property=\"og:locale\" content=\"de_DE\" \/>\n<meta property=\"og:type\" content=\"article\" \/>\n<meta property=\"og:title\" content=\"ACRYL - nicolekochheim.de\" \/>\n<meta property=\"og:description\" content=\"Mit Acryl entstehen meist gr\u00f6\u00dfere, abstrakte Bilder. Ich arbeite dabei sowohl mit festen als auch mit flie\u00dfenden Farben. Die Bilder entwickeln sich w\u00e4hrend des Malens.\" \/>\n<meta property=\"og:url\" content=\"https:\/\/nicolekochheim.de\/?page_id=242\" \/>\n<meta property=\"og:site_name\" content=\"nicolekochheim.de\" \/>\n<meta property=\"article:modified_time\" content=\"2026-02-11T12:38:53+00:00\" \/>\n<meta name=\"twitter:card\" content=\"summary_large_image\" \/>\n<meta name=\"twitter:label1\" content=\"Gesch\u00e4tzte Lesezeit\" \/>\n\t<meta name=\"twitter:data1\" content=\"3\u00a0Minuten\" \/>\n<script type=\"application\/ld+json\" class=\"yoast-schema-graph\">{\"@context\":\"https:\/\/schema.org\",\"@graph\":[{\"@type\":\"WebPage\",\"@id\":\"https:\/\/nicolekochheim.de\/?page_id=242\",\"url\":\"https:\/\/nicolekochheim.de\/?page_id=242\",\"name\":\"ACRYL - nicolekochheim.de\",\"isPartOf\":{\"@id\":\"https:\/\/nicolekochheim.de\/#website\"},\"primaryImageOfPage\":{\"@id\":\"https:\/\/nicolekochheim.de\/?page_id=242#primaryimage\"},\"image\":{\"@id\":\"https:\/\/nicolekochheim.de\/?page_id=242#primaryimage\"},\"thumbnailUrl\":\"https:\/\/nicolekochheim.de\/wp-content\/uploads\/2026\/02\/IMG_7069-e1770638168758.jpg\",\"datePublished\":\"2026-02-09T09:46:55+00:00\",\"dateModified\":\"2026-02-11T12:38:53+00:00\",\"description\":\"Mit Acryl entstehen meist gr\u00f6\u00dfere, abstrakte Bilder. Ich arbeite dabei sowohl mit festen als auch mit flie\u00dfenden Farben. Die Bilder entwickeln sich w\u00e4hrend des Malens.\",\"breadcrumb\":{\"@id\":\"https:\/\/nicolekochheim.de\/?page_id=242#breadcrumb\"},\"inLanguage\":\"de\",\"potentialAction\":[{\"@type\":\"ReadAction\",\"target\":[\"https:\/\/nicolekochheim.de\/?page_id=242\"]}]},{\"@type\":\"ImageObject\",\"inLanguage\":\"de\",\"@id\":\"https:\/\/nicolekochheim.de\/?page_id=242#primaryimage\",\"url\":\"https:\/\/nicolekochheim.de\/wp-content\/uploads\/2026\/02\/IMG_7069-e1770638168758.jpg\",\"contentUrl\":\"https:\/\/nicolekochheim.de\/wp-content\/uploads\/2026\/02\/IMG_7069-e1770638168758.jpg\",\"width\":368,\"height\":528},{\"@type\":\"BreadcrumbList\",\"@id\":\"https:\/\/nicolekochheim.de\/?page_id=242#breadcrumb\",\"itemListElement\":[{\"@type\":\"ListItem\",\"position\":1,\"name\":\"Start\",\"item\":\"https:\/\/nicolekochheim.de\/\"},{\"@type\":\"ListItem\",\"position\":2,\"name\":\"ACRYL\"}]},{\"@type\":\"WebSite\",\"@id\":\"https:\/\/nicolekochheim.de\/#website\",\"url\":\"https:\/\/nicolekochheim.de\/\",\"name\":\"nicolekochheim.de\",\"description\":\"\",\"publisher\":{\"@id\":\"https:\/\/nicolekochheim.de\/#organization\"},\"potentialAction\":[{\"@type\":\"SearchAction\",\"target\":{\"@type\":\"EntryPoint\",\"urlTemplate\":\"https:\/\/nicolekochheim.de\/?s={search_term_string}\"},\"query-input\":{\"@type\":\"PropertyValueSpecification\",\"valueRequired\":true,\"valueName\":\"search_term_string\"}}],\"inLanguage\":\"de\"},{\"@type\":\"Organization\",\"@id\":\"https:\/\/nicolekochheim.de\/#organization\",\"name\":\"nicolekochheim.de\",\"url\":\"https:\/\/nicolekochheim.de\/\",\"logo\":{\"@type\":\"ImageObject\",\"inLanguage\":\"de\",\"@id\":\"https:\/\/nicolekochheim.de\/#\/schema\/logo\/image\/\",\"url\":\"https:\/\/nicolekochheim.de\/wp-content\/uploads\/2026\/02\/cropped-NiKo.jpg\",\"contentUrl\":\"https:\/\/nicolekochheim.de\/wp-content\/uploads\/2026\/02\/cropped-NiKo.jpg\",\"width\":618,\"height\":302,\"caption\":\"nicolekochheim.de\"},\"image\":{\"@id\":\"https:\/\/nicolekochheim.de\/#\/schema\/logo\/image\/\"}}]}<\/script>\n<!-- \/ Yoast SEO plugin. -->","yoast_head_json":{"title":"ACRYL - nicolekochheim.de","description":"Mit Acryl entstehen meist gr\u00f6\u00dfere, abstrakte Bilder. Ich arbeite dabei sowohl mit festen als auch mit flie\u00dfenden Farben. Die Bilder entwickeln sich w\u00e4hrend des Malens.","robots":{"index":"index","follow":"follow","max-snippet":"max-snippet:-1","max-image-preview":"max-image-preview:large","max-video-preview":"max-video-preview:-1"},"canonical":"https:\/\/nicolekochheim.de\/?page_id=242","og_locale":"de_DE","og_type":"article","og_title":"ACRYL - nicolekochheim.de","og_description":"Mit Acryl entstehen meist gr\u00f6\u00dfere, abstrakte Bilder. Ich arbeite dabei sowohl mit festen als auch mit flie\u00dfenden Farben. Die Bilder entwickeln sich w\u00e4hrend des Malens.","og_url":"https:\/\/nicolekochheim.de\/?page_id=242","og_site_name":"nicolekochheim.de","article_modified_time":"2026-02-11T12:38:53+00:00","twitter_card":"summary_large_image","twitter_misc":{"Gesch\u00e4tzte Lesezeit":"3\u00a0Minuten"},"schema":{"@context":"https:\/\/schema.org","@graph":[{"@type":"WebPage","@id":"https:\/\/nicolekochheim.de\/?page_id=242","url":"https:\/\/nicolekochheim.de\/?page_id=242","name":"ACRYL - nicolekochheim.de","isPartOf":{"@id":"https:\/\/nicolekochheim.de\/#website"},"primaryImageOfPage":{"@id":"https:\/\/nicolekochheim.de\/?page_id=242#primaryimage"},"image":{"@id":"https:\/\/nicolekochheim.de\/?page_id=242#primaryimage"},"thumbnailUrl":"https:\/\/nicolekochheim.de\/wp-content\/uploads\/2026\/02\/IMG_7069-e1770638168758.jpg","datePublished":"2026-02-09T09:46:55+00:00","dateModified":"2026-02-11T12:38:53+00:00","description":"Mit Acryl entstehen meist gr\u00f6\u00dfere, abstrakte Bilder. Ich arbeite dabei sowohl mit festen als auch mit flie\u00dfenden Farben. Die Bilder entwickeln sich w\u00e4hrend des Malens.","breadcrumb":{"@id":"https:\/\/nicolekochheim.de\/?page_id=242#breadcrumb"},"inLanguage":"de","potentialAction":[{"@type":"ReadAction","target":["https:\/\/nicolekochheim.de\/?page_id=242"]}]},{"@type":"ImageObject","inLanguage":"de","@id":"https:\/\/nicolekochheim.de\/?page_id=242#primaryimage","url":"https:\/\/nicolekochheim.de\/wp-content\/uploads\/2026\/02\/IMG_7069-e1770638168758.jpg","contentUrl":"https:\/\/nicolekochheim.de\/wp-content\/uploads\/2026\/02\/IMG_7069-e1770638168758.jpg","width":368,"height":528},{"@type":"BreadcrumbList","@id":"https:\/\/nicolekochheim.de\/?page_id=242#breadcrumb","itemListElement":[{"@type":"ListItem","position":1,"name":"Start","item":"https:\/\/nicolekochheim.de\/"},{"@type":"ListItem","position":2,"name":"ACRYL"}]},{"@type":"WebSite","@id":"https:\/\/nicolekochheim.de\/#website","url":"https:\/\/nicolekochheim.de\/","name":"nicolekochheim.de","description":"","publisher":{"@id":"https:\/\/nicolekochheim.de\/#organization"},"potentialAction":[{"@type":"SearchAction","target":{"@type":"EntryPoint","urlTemplate":"https:\/\/nicolekochheim.de\/?s={search_term_string}"},"query-input":{"@type":"PropertyValueSpecification","valueRequired":true,"valueName":"search_term_string"}}],"inLanguage":"de"},{"@type":"Organization","@id":"https:\/\/nicolekochheim.de\/#organization","name":"nicolekochheim.de","url":"https:\/\/nicolekochheim.de\/","logo":{"@type":"ImageObject","inLanguage":"de","@id":"https:\/\/nicolekochheim.de\/#\/schema\/logo\/image\/","url":"https:\/\/nicolekochheim.de\/wp-content\/uploads\/2026\/02\/cropped-NiKo.jpg","contentUrl":"https:\/\/nicolekochheim.de\/wp-content\/uploads\/2026\/02\/cropped-NiKo.jpg","width":618,"height":302,"caption":"nicolekochheim.de"},"image":{"@id":"https:\/\/nicolekochheim.de\/#\/schema\/logo\/image\/"}}]}},"_links":{"self":[{"href":"https:\/\/nicolekochheim.de\/index.php?rest_route=\/wp\/v2\/pages\/242","targetHints":{"allow":["GET"]}}],"collection":[{"href":"https:\/\/nicolekochheim.de\/index.php?rest_route=\/wp\/v2\/pages"}],"about":[{"href":"https:\/\/nicolekochheim.de\/index.php?rest_route=\/wp\/v2\/types\/page"}],"author":[{"embeddable":true,"href":"https:\/\/nicolekochheim.de\/index.php?rest_route=\/wp\/v2\/users\/1"}],"replies":[{"embeddable":true,"href":"https:\/\/nicolekochheim.de\/index.php?rest_route=%2Fwp%2Fv2%2Fcomments&post=242"}],"version-history":[{"count":16,"href":"https:\/\/nicolekochheim.de\/index.php?rest_route=\/wp\/v2\/pages\/242\/revisions"}],"predecessor-version":[{"id":561,"href":"https:\/\/nicolekochheim.de\/index.php?rest_route=\/wp\/v2\/pages\/242\/revisions\/561"}],"wp:attachment":[{"href":"https:\/\/nicolekochheim.de\/index.php?rest_route=%2Fwp%2Fv2%2Fmedia&parent=242"}],"curies":[{"name":"wp","href":"https:\/\/api.w.org\/{rel}","templated":true}]}}